by 928.
11
What is the remainder when 1380 is divided by 19?
12
What is the remainder when 211771 is divided by 421?
8
What is the remainder when 760910 is divided by 66?
62
What is the remainder when 129 is divided by 89?
40
Calculate the remainder when 85378 is divided by 21343.
6
Calculate the remainder when 13752 is divided by 6874.
4
What is the remainder when 54893 is divided by 345?
38
Calculate the remainder when 212304 is divided by 20.
4
Calculate the remainder when 29085 is divided by 202.
199
What is the remainder when 26880 is divided by 83?
71
Calculate the remainder when 1910 is divided by 81.
47
Calculate the remainder when 247862 is divided by 93.
17
Calculate the remainder when 27860 is divided by 324.
320
What is the remainder when 1525 is divided by 737?
51
What is the remainder when 31557 is divided by 7879?
41
What is the remainder when 2140 is divided by 421?
35
Calculate the remainder when 58014 is divided by 148.
146
Calculate the remainder when 1042 is divided by 253.
30
Calculate the remainder when 2713 is divided by 542.
3
Calculate the remainder when 18211 is divided by 387.
22
Calculate the remainder when 6365 is divided by 87.
14
What is the remainder when 88460 is divided by 2327?
34
Calculate the remainder when 15803 is divided by 545.
543
What is the remainder when 18887 is divided by 699?
14
Calculate the remainder when 5173 is divided by 420.
133
Calculate the remainder when 5810 is divided by 321.
32
Calculate the remainder when 10863 is divided by 3143.
1434
Calculate the remainder when 1749 is divided by 9.
3
Calculate the remainder when 4507 is divided by 88.
19
Calculate the remainder when 920 is divided by 908.
12
What is the remainder when 10891 is divided by 3614?
49
Calculate the remainder when 180226 is divided by 521.
481
Calculate the remainder when 2413948 is divided by 77.
75
What is the remainder when 8121 is divided by 1167?
1119
Calculate the remainder when 17561 is divided by 2462.
327
Calculate the remainder when 4436 is divided by 849.
191
What is the remainder when 94739 is divided by 254?
251
What is the remainder when 37076 is divided by 758?
692
Calculate the remainder when 20219 is divided by 10102.
15
Calculate the remainder when 3121 is divided by 593.
156
What is the remainder when 53660 is divided by 327?
32
Calculate the remainder when 38015 is divided by 29.
25
What is the remainder when 4124 is divided by 897?
536
What is the remainder when 79727 is divided by 238?
235
Calculate the remainder when 8168 is divided by 389.
388
What is the remainder when 226038 is divided by 364?
358
What is the remainder when 9575 is divided by 504?
503
Calculate the remainder when 19068 is divided by 32.
28
What is the remainder when 6246 is divided by 22?
20
What is the remainder when 743 is divided by 275?
193
Calculate the remainder when 434 is divided by 162.
110
What is the remainder when 6043 is divided by 368?
155
Calculate the remainder when 371292 is divided by 185645.
2
Calculate the remainder when 6223 is divided by 2018.
169
What is the remainder when 4251 is divided by 180?
111
What is the remainder when 9810 is divided by 1635?
0
Calculate the remainder when 1578449 is divided by 51.
50
Calculate the remainder when 312976 is divided by 41.
23
What is the remainder when 52966 is divided by 1393?
32
Calculate the remainder when 134026 is divided by 27.
25
Calculate the remainder when 1417 is divided by 438.
103
Calculate the remainder when 138758 is divided by 4.
2
Calculate the remainder when 3621 is divided by 719.
26
Calculate the remainder when 2274807 is divided by 397.
394
What is the remainder when 9420 is divided by 255?
240
What is the remainder when 5361 is divided by 486?
15
What is the remainder when 33520 is divided by 4772?
116
What is the remainder when 40429 is divided by 331?
47
What is the remainder when 5256 is divided by 541?
387
What is the remainder when 17760 is divided by 78?
54
What is the remainder when 675490 is divided by 59?
58
Calculate the remainder when 822778 is divided by 748.
726
Calculate the remainder when 5063 is divided by 266.
9
Calculate the remainder when 4234 is divided by 469.
13
What is the remainder when 351622 is divided by 177?
100
What is the remainder when 35619 is divided by 17660?
299
Calculate the remainder when 36583 is divided by 1175.
158
What is the remainder when 49791 is divided by 6223?
7
Calculate the remainder when 362963 is divided by 90.
83
What is the remainder when 1105 is divided by 219?
10
Calculate the remainder when 325078 is divided by 23.
19
Calculate the remainder when 143258 is divided by 352.
346
Calculate the remainder when 327619 is divided by 36.
19
What is the remainder when 231124 is divided by 125?
124
Calculate the remainder when 53589 is divided by 80.
69
What is the remainder when 59737 is divided by 17?
16
Calculate the remainder when 28756 is divided by 19.
9
Calculate the remainder when 4600 is divided by 274.
216
Calculate the remainder when 4023 is divided by 334.
15
What is the remainder when 92241 is divided by 10248?
9
What is the remainder when 152931 is divided by 13900?
31
What is the remainder when 13684 is divided by 12?
4
Calculate the remainder when 42050 is divided by 1361.
1220
What is the remainder when 7957 is divided by 5?
2
Calculate the remainder when 4094 is divided by 1469.
1156
What is the remainder when 1733251 is divided by 284?
283
What is the remainder when 360458 is divided by 20?
18
What is the remainder when 31428 is divided by 491?
4
What is the remainder when 623291 is divided by 78?
71
Calculate the remainder when 131819 is divided by 10139.
12
What is the remainder when 6953 is divided by 67?
52
What is the remainder when 21167 is divided by 21135?
32
What is the remainder when 9256411 is divided by 22?
21
Calculate the remainder when 205617 is divided by 33.
27
Calculate the remainder when 18243 is divided by 82.
39
What is the remainder when 746388 is divided by 57413?
19
What is the remainder when 26472 is divided by 5291?
17
What is the remainder when 4079157 is divided by 270?
267
What is the remainder when 101427 is divided by 69?
66
Calculate the remainder when 12658 is divided by 95.
23
Calculate the remainder when 993848 is divided by 286.
284
Calculate the remainder when 20413 is divided by 52.
29
Calculate the remainder when 363908 is divided by 43.
42
What is the remainder when 582834 is divided by 3?
0
Calculate the remainder when 11927 is divided by 2957.
99
What is the remainder when 68417 is divided by 2216?
1937
What is the remainder when 98419 is divided by 246?
19
Calculate the remainder when 1268 is divided by 401.
65
Calculate the remainder when 137722 is divided by 34427.
14
What is the remainder when 136 is divided by 36?
28
What is the remainder when 7295 is divided by 883?
231
What is the remainder when 14715 is divided by 886?
539
What is the remainder when 13461 is divided by 123?
54
What is the remainder when 68052 is divided by 195?
192
What is the remainder when 85780 is divided by 186?
34
Calculate the remainder when 199076 is divided by 12.
8
What is the remainder when 1119092 is divided by 12?
8
What is the remainder when 195062 is divided by 1300?
62
What is the remainder when 40573 is divided by 40564?
9
Calculate the remainder when 1115 is divided by 717.
398
What is the remainder when 411785 is divided by 28?
17
What is the remainder when 8064 is divided by 90?
54
Calculate the remainder when 3261108 is divided by 55.
48
What is the remainder when 1598 is divided by 288?
158
Calculate the remainder when 6722 is divided by 64.
2
Calculate the remainder when 62398 is divided by 120.
118
Calculate the remainder when 57804 is divided by 814.
10
What is the remainder when 21347 is divided by 113?
103
What is the remainder when 2099 is divided by 646?
161
What is the remainder when 4388 is divided by 151?
9
What is the remainder when 665 is divided by 73?
8
What is the remainder when 11557 is divided by 1067?
887
What is the remainder when 8036770 is divided by 1396?
1394
What is the remainder when 5392 is divided by 58?
56
Calculate the remainder when 192495 is divided by 53.
52
Calculate the remainder when 409158 is divided by 